hat are the prime factors of (j/(-2))/(2/(-4))?
13
Suppose -3*z - 4*o + 63 = -o, -2*z + 5*o = -70. What are the prime factors of z?
5
Let a = -6 - -3. Let u be 1/(((-3)/a)/(-7)). List the prime factors of (u/(-21))/(1/39).
13
Suppose -61 = -5*k - 2*c, 4*k = -4*c - 12 + 68. Suppose 3*b - 16 = m + k, -b + 4*m + 20 = 0. Suppose b - 20 = -w. What are the prime factors of w?
2, 3
Let l(o) = -8*o - 5. Let x be l(-4). Suppose -3 + x = -3*p. Let r(j) = -j**2 - 8*j + 11. What are the prime factors of r(p)?
11
Let q(r) = -r**3 + 4*r**2 + r. Let w be q(4). Let x be (-3)/(-6)*w + 2. Let l = x + -1. List the prime factors of l.
3
Let f be (-30)/(-8) - 1/(-4). Let k(c) = -c**3 + 6*c**2 - 5*c + 3. What are the prime factors of k(f)?
3, 5
Let l = -7 + 7. Suppose 0 = -4*j, 3*v + 5*j - 36 = -l*j. List the prime factors of v.
2, 3
Suppose 0 = -4*o + 7 - 43. List the prime factors of (-19)/(-2) + o/(-6).
11
Let j(f) = f + 15. Let a be (-12)/54 + 32/(-18). Let k(y) = y + 16. Let s(o) = a*j(o) + 3*k(o). List the prime factors of s(-9).
3
Let u be 2/5 - 240/(-25). Suppose 0 = j - 5, -7*j = -4*x - 2*j - 25. Suppose x*r - 2*r + u = 0. What are the prime factors of r?
5
Let n = 5 - -3. List the prime factors of n.
2
Suppose -10*s + 5*s = 280. Let p = s + 93. What are the prime factors of p?
37
List the prime factors of 3/(1 - 10/15).
3
Let n be (1/3)/(-1)*3. Let s(l) = -4*l**3 + l**2 + 2*l + 1. What are the prime factors of s(n)?
2
Let p(t) = -t**2 + 9*t + 12. Let u be p(10). What are the prime factors of (u/(-2))/((-2)/24)?
2, 3
Suppose 43 = 4*k - v, -2*k + 6*k - 5*v - 39 = 0. List the prime factors of k.
11
Let c be (-2)/6 + (-20)/(-6). Suppose 0 = -2*p - c*p + 30. List the prime factors of p.
2, 3
Let d be 2/3*36/(-4). Let q(a) = a**2 + 3*a. List the prime factors of q(d).
2, 3
Suppose -3*o = -5*s + 19 + 6, -35 = -5*s + o. What are the prime factors of s?
2
Let f = 42 - 11. What are the prime factors of f?
31
Let z(b) = -b**3 + 12*b**2 + 2. Let x be z(12). Let u(s) = -6 + s - 5*s**2 - 2*s**2 - s**3 + 3*s**x. List the prime factors of u(-5).
2, 7
Suppose -2 = -v - 3. List the prime factors of (-301)/(-14) - v/2.
2, 11
Let n = -54 + 28. Suppose 22*m + 60 = 18*m. Let s = m - n. List the prime factors of s.
11
Suppose 2*r = -r + 9. Suppose -r*c - 2*i = -3*i - 71, -12 = -c - 2*i. List the prime factors of c.
2, 11
List the prime factors of ((-414)/12)/(1/(-4)).
2, 3, 23
List the prime factors of 105 + -2 + (5 - 2).
2, 53
Let o be (3 + -6)*(-4)/(-3). Let m(r) = r + 7. What are the prime factors of m(o)?
3
Let y = -48 + 71. What are the prime factors of y?
23
What are the prime factors of 12/8*64/3?
2
What are the prime factors of 54 + -7 + (0 - 3)?
2, 11
Suppose -4*i = -b + 61, 2*b - 122 = -0*i - 5*i. List the prime factors of b.
61
Suppose -i = 5*d - 12 - 2, -4*i = 5*d - 11. Let f = d - 5. Let h = f + 7. What are the prime factors of h?
5
Let u be ((-5)/10)/(2/152). Let m be (u/1)/(5 + -7). Let d = 31 - m. What are the prime factors of d?
2, 3
Let r be ((-2)/(-4))/((-2)/(-24)). Suppose 3*s - r = 12. What are the prime factors of s?
2, 3
Suppose 2*t = -4*y - 38, -y - 20 = -4*t + 12. What are the prime factors of 18/y*(-76)/6?
19
Suppose -2*x = -3*x + 130. List the prime factors of x.
2, 5, 13
Let j = 3 + -2. Let i(h) = 2*h**3 + 5*h**3 + 4*h**3. What are the prime factors of i(j)?
11
Let c be (6 - 8)/(2/(-3)). Suppose 0*w - 2*w = 4*q - 80, -c*q = -2*w - 67. List the prime factors of q.
3, 7
Suppose -i - i + 16 = 5*b, -b + 2*i - 4 = 0. Let m be 0 - 4/(b*-1). Let x = 13 - m. What are the prime factors of x?
11
Let x(p) = 10*p**3 + 2*p + 1. Let z be x(-1). List the prime factors of (-152)/z - 8/(-44).
2, 7
Suppose -3*p + 94 = a - 6*p, 4*a + 4*p = 376. Suppose 33 = 2*g + 5*s, -a = -g - 4*g - s. What are the prime factors of g?
19
Let d be 2/((-12)/9 - -2). Let o(b) = -2*b**d - 1 - 3*b - b**3 + b. List the prime factors of o(-1).
2
Suppose -4*z + t + 45 = 0, -4*z - 25 = -5*z + 3*t. List the prime factors of z.
2, 5
Suppose -c + 4*m = -37, 4*c - m - 122 = 2*m. List the prime factors of c.
29
Let m(v) = -5 + 3*v - v + v**2 - 8*v - 2. List the prime factors of m(9).
2, 5
List the prime factors of (3/3)/((-1)/(-33)) - 3.
2, 3, 5
Suppose -b = s - 12, 2*s + 4*b + 0*b = 24. What are the prime factors of s?
2, 3
Let b(y) = 2*y - 1. Let u be b(2). Suppose u*l = 2*p, -6*l + l = 5*p + 25. List the prime factors of (5/15)/(l/(-42)).
7
Suppose 23 + 17 = 4*t. Suppose -6*v + t = -v. What are the prime factors of v?
2
What are the prime factors of -1 - -40 - (7 - 5)?
37
Let h = -3 + 13. List the prime factors of h.
2, 5
Suppose 4*w - 2*j - 135 = -9, 5*w - 3*j - 156 = 0. List the prime factors of w.
3, 11
Suppose 5*v + 19 = -i, -v - 2*i + 1 = 12. Let w(h) = -h**3 - 5*h**2 - 2*h - 1. Let a be w(-5). Let o = a - v. What are the prime factors of o?
2, 3
Let k(a) = 2*a**2 + 2*a - 13. What are the prime factors of k(-6)?
47
Let h be 10/(-2)*(-5 + 4). Suppose 0 = -v - v + 2*d + 74, h*v + 5*d = 235. List the prime factors of v.
2, 3, 7
Suppose -3*i + 12 = -i. Suppose -10*l = -7*l - i. What are the prime factors of l?
2
Suppose 0 = 2*w - 44 + 6. What are the prime factors of w?
19
Let c = 33 - -56. List the prime factors of c.
89
Let y(m) = m - m + 2*m + 6. List the prime factors of y(5).
2
Let o = -77 - -123. List the prime factors of o.
2, 23
Let o(s) = 2*s**2 + s + 1. Let n be o(-1). Suppose n*z = 18 + 10. List the prime factors of z.
2, 7
Suppose g = -4*g + 5. Let f be 1/2 + g/(-2). Suppose f = 5*v + 19 - 49. What are the prime factors of v?
2, 3
Suppose -4*n = f - 685, 5*n = -3*f + 917 - 52. What are the prime factors of n?
2, 5, 17
What are the prime factors of -36*(-3*(-2)/(-8) + -3)?
3, 5
Suppose -2*f = -6*f + 284. Suppose 4*r + 43 = 3*q, -4*q + 5*r + f = 13. Suppose 3*t = -2*n + q - 5, 4*n - 24 = -4*t. List the prime factors of n.
2, 3
Let j(z) = 3*z - 4*z - z - 1 + 2 + 2*z**2. Let r be j(1). List the prime factors of ((-1)/3)/(r/(-6)).
2
Suppose -o - 1 = -10. What are the prime factors of 2/(1 - o/11)?
11
Suppose -4*a = -5*a + 43. List the prime factors of a.
43
Let k(m) = -m + 3*m + 3*m**2 - 2 + m + 0*m. What are the prime factors of k(-3)?
2
Let a(d) = 5*d**2 + 1 - 70*d**2 - 6*d**2 - 24*d**2. Let g be a(-1). List the prime factors of g/(-8) - (-3)/12.
2, 3
Suppose -587 + 119 = -3*l. List the prime factors of l.
2, 3, 13
Suppose 3*l - 2*x = 25, 5*l + x + 9 = 55. List the prime factors of l.
3
Suppose -3*u = -2*u + 5. Let q be 1 + u/((-15)/(-12)). What are the prime factors of (39/(-9) + -1)*q?
2
Suppose z - 1068 = -5*z. List the prime factors of z.
2, 89
Suppose p - 2 - 6 = 0. List the prime factors of p.
2
Let b(y) = 4*y + 10. What are the prime factors of b(7)?
2, 19
Let j(i) = -i**2 - 9*i - 5. Let c be j(-9). Let p be (-43)/c - (-2)/5. What are the prime factors of (-46)/(-6) - 6/p?
7
Let u(x) = -x - 2 + x**2 - 1 + 2*x. Let f be u(4). Let z = f - 11. List the prime factors of z.
2, 3
Let s = -10 + 10. Suppose s = -0*u - 5*u + 75. What are the prime factors of u?
3, 5
Let t(i) = -6*i - 2. Let o(n) = -5*n - 1. Let m(w) = -3*o(w) + 2*t(w). What are the prime factors of m(3)?
2
Let o(w) = 4*w - 4*w + 3*w. Suppose l + 2*r = 2*l + 6, 2*r = 5*l - 2. List the prime factors of o(l).
2, 3
Let w(z) = -16*z**3 + 4*z**2 + 4*z + 3. List the prime factors of w(-2).
139
Suppose -2*a = 3*b, 5*b - a = -2*a. Suppose b = 4*w + w - 175. Suppose 0 = 4*r - 13 - w. What are the prime factors of r?
2, 3
Let a(d) = -6*d**2 - 10*d + 13. Let y(t) = t**2 - 1. Let i(r) = a(r) + 5*y(r). What are the prime factors of i(-10)?
2
Suppose -2*s + g + 4 = -6, -2*s + 2*g + 12 = 0. Let m(h) = -h**2 + 6*h - 1. What are the prime factors of m(s)?
7
Let p(i) = -i**3 + 2*i**2 + 4*i - 3. Let a be p(3). Suppose a = 3*t - 5*m - 124, 3*t = -3*m - 0*m + 156. List the prime factors of t.
2, 3
Let t(i) = -i**2 - 7*i - 7. Let z be t(-5). Let f(l) = l**2 - 2*l - 4. Let o be f(6). Suppose -2*b = -d + 2*b - 8, -z*b + o = d. List the prime factors of d.
2
Let t = 9 - 5. Let s = t - -5. List the prime factors of s.
3
Let g(r) = -63*r - 27. What are the prime factors of g(-3)?
2, 3
Let y = 9 + -6. Suppose 5*x - 29 = 2*n, -2*x - x + 21 = -y*n. List the prime factors of 3/(-2) + (-41)/n.
19
Suppose -5*q + 5*f = -0*q - 280, f = 4. What are the